e factors of 243654?
2, 3, 40609
List the prime factors of 204162.
2, 3, 7, 4861
List the prime factors of 12502.
2, 7, 19, 47
What are the prime factors of 25244142?
2, 3, 7, 11, 101, 541
List the prime factors of 561956.
2, 37, 3797
What are the prime factors of 551507?
11, 181, 277
What are the prime factors of 700820?
2, 5, 67, 523
List the prime factors of 130990.
2, 5, 13099
What are the prime factors of 144498?
2, 3, 24083
What are the prime factors of 3636048?
2, 3, 13, 5827
What are the prime factors of 402423?
3, 7, 19163
What are the prime factors of 33155729?
17, 29, 109, 617
What are the prime factors of 8404737?
3, 11, 43, 5923
What are the prime factors of 301305?
3, 5, 53, 379
What are the prime factors of 371502?
2, 3, 20639
List the prime factors of 189076.
2, 47269
List the prime factors of 921216.
2, 3, 2399
List the prime factors of 83233.
83233
What are the prime factors of 704605?
5, 11, 23, 557
What are the prime factors of 68449?
68449
What are the prime factors of 7260365?
5, 7, 283, 733
What are the prime factors of 7800654?
2, 3, 17, 31, 2467
What are the prime factors of 236884?
2, 59221
List the prime factors of 1337392.
2, 7, 11941
List the prime factors of 56317.
199, 283
List the prime factors of 11949480.
2, 3, 5, 19, 1747
List the prime factors of 2978289.
3, 83, 443
List the prime factors of 13247184.
2, 3, 37, 7459
List the prime factors of 1183509.
3, 131501
List the prime factors of 53763.
3, 17921
What are the prime factors of 220279?
220279
What are the prime factors of 296648?
2, 11, 3371
List the prime factors of 8373964.
2, 2093491
List the prime factors of 5892560.
2, 5, 73, 1009
What are the prime factors of 149145?
3, 5, 61, 163
What are the prime factors of 3350?
2, 5, 67
List the prime factors of 1104200.
2, 5, 5521
List the prime factors of 587746.
2, 19, 15467
What are the prime factors of 308788?
2, 17, 19, 239
What are the prime factors of 4024714?
2, 43, 53, 883
What are the prime factors of 3356884?
2, 839221
List the prime factors of 49345.
5, 71, 139
List the prime factors of 9117728.
2, 499, 571
List the prime factors of 1324101.
3, 449, 983
List the prime factors of 6725143.
6725143
What are the prime factors of 16795781?
16795781
List the prime factors of 36391159.
7, 5198737
List the prime factors of 687551.
687551
List the prime factors of 7888244.
2, 7, 13, 1667
What are the prime factors of 321736?
2, 131, 307
What are the prime factors of 85496?
2, 10687
What are the prime factors of 1237482?
2, 3, 68749
List the prime factors of 368122.
2, 103, 1787
What are the prime factors of 245176?
2, 19, 1613
List the prime factors of 4558020.
2, 3, 5, 75967
List the prime factors of 6614758.
2, 3307379
What are the prime factors of 53778?
2, 3, 8963
What are the prime factors of 10780441?
7, 220009
List the prime factors of 1015365.
3, 5, 13, 41, 127
List the prime factors of 980661.
3, 11, 29717
What are the prime factors of 784186?
2, 13, 30161
List the prime factors of 288854.
2, 144427
List the prime factors of 124133.
124133
What are the prime factors of 8381622?
2, 3, 19, 73523
What are the prime factors of 3444288?
2, 3, 17939
List the prime factors of 1181769.
3, 43, 9161
What are the prime factors of 34590512?
2, 11, 17, 1051
What are the prime factors of 16499625?
3, 5, 23, 1913
What are the prime factors of 14966901?
3, 149, 11161
List the prime factors of 329880.
2, 3, 5, 2749
What are the prime factors of 2018869?
17, 118757
What are the prime factors of 646515?
3, 5, 4789
List the prime factors of 113517.
3, 12613
What are the prime factors of 579561?
3, 61, 3167
List the prime factors of 295877.
295877
What are the prime factors of 474471?
3, 17573
What are the prime factors of 278073?
3, 3433
List the prime factors of 1256170.
2, 5, 125617
List the prime factors of 8224797.
3, 7, 7993
List the prime factors of 694744.
2, 86843
What are the prime factors of 526653?
3, 163, 359
List the prime factors of 822292.
2, 241, 853
What are the prime factors of 6973472?
2, 11, 1801
List the prime factors of 631403.
71, 8893
What are the prime factors of 5884982?
2, 139, 21169
List the prime factors of 7688053.
2011, 3823
List the prime factors of 3087510.
2, 3, 5, 97, 1061
List the prime factors of 732139.
17, 43067
List the prime factors of 4143053.
17, 243709
What are the prime factors of 931733?
11, 71, 1193
What are the prime factors of 18820301?
18820301
What are the prime factors of 17994693?
3, 827, 7253
List the prime factors of 1203134.
2, 137, 4391
What are the prime factors of 2769074?
2, 7, 11, 17981
List the prime factors of 346093.
11, 73, 431
List the prime factors of 5048822.
2, 23, 41, 2677
List the prime factors of 361842.
2, 3, 13, 4639
List the prime factors of 2172441.
3, 19, 38113
What are the prime factors of 67165?
5, 7, 19, 101
List the prime factors of 130443.
3, 43481
List the prime factors of 2275627.
179, 12713
List the prime factors of 31654642.
2, 211, 75011
What are the prime factors of 1403595?
3, 5, 37, 281
What are the prime factors of 2255076?
2, 3, 37, 1693
What are the prime factors of 353545?
5, 70709
List the prime factors of 217950.
2, 3, 5, 1453
What are the prime factors of 236767?
59, 4013
List the prime factors of 26017577.
23, 769, 1471
What are the prime factors of 73113?
3, 24371
What are the prime factors of 30851809?
23, 58321
List the prime factors of 1122352.
2, 7, 11, 911
What are the prime factors of 651407?
43, 15149
What are the prime factors of 95733?
3, 11, 967
What are the prime factors of 2136905?
5, 427381
List the prime factors of 20990873.
193, 108761
List the prime factors of 2290258.
2, 1145129
What are the prime factors of 166506?
2, 3, 27751
What are the prime factors of 4698978?
2, 3, 67, 11689
List the prime factors of 24362.
2, 13, 937
What are the prime factors of 2316600?
2, 3, 5, 11, 13
What are the prime factors of 29437930?
2, 5, 23, 149, 859
What are the prime factors of 597152?
2, 18661
List the prime factors of 2125911.
3, 61, 11617
List the prime factors of 363403.
363403
What are the prime factors of 2220716?
2, 31, 17909
List the prime factors of 1468231.
311, 4721
What are the prime factors of 643607?
751, 857
What are the prime factors of 3698250?
2, 3, 5, 4931
What are the prime factors of 12636614?
2, 23, 274709
What are the prime factors of 5423973?
3, 73, 24767
What are the prime factors of 196514?
2, 98257
List the prime factors of 1478015.
5, 7, 11, 349
What are the prime factors of 21104432?
2, 23, 57349
List the prime factors of 22954723.
11, 2086793
List the prime factors of 277210.
2, 5, 19, 1459
What are the prime factors of 283216?
2, 31, 571
What are the prime factors of 10429152?
2, 3, 108637
What are the prime factors of 2200324?
2, 7, 78583
List the prime factors of 132978.
2, 3, 37, 599
List the prime factors of 7217759.
7217759
What are the prime factors of 1816767?
3, 337, 599
List the prime factors of 3058087.
37, 82651
What are the prime factors of 11215625?
5, 37, 97
List the prime factors of 181532.
2, 13, 3491
What are the prime factors of 280653?
3, 17, 5503
What are the prime factors of 8912492?
2, 2228123
What are the prime factors of 541895?
5, 108379
List the prime factors of 5338745.
5, 1067749
What are the prime factors of 2589960?
2, 3, 5, 113, 191
What are the prime factors of 1022093?
109, 9377
What are the prime factors of 178930?
2, 5, 29, 617
What are the prime factors of 1023633?
3, 13, 673
What are the prime factors of 12291986?
2, 7, 17, 51647
List the prime factors of 182133.
3, 7, 59
List the prime factors of 40413792.
2, 3, 420977
What are the prime factors of 48956?
2, 12239
List the prime factors of 1384628.
2, 7, 49451
List the prime factors of 7277947.
7277947
What are the prime factors of 817548?
2, 3, 193, 353
What are the prime factors of 259943?
259943
List the prime factors of 12193179.
3, 4064393
What are the prime factors of 10892595?
3, 5, 7, 227, 457
What are the prime factors of 651271?
651271
List the prime factors of 5439811.
13, 418447
List the prime factors of 18546731.
7, 37, 101, 709
What are the prime factors of 678346?
2, 339173
List the prime factors of 10865.
5, 41, 53
What are the prime factors of 2020049?
199, 10151
What are the 